i + 22*i. Let b = i - -580. List the prime factors of b.
2, 3, 41
Let i(y) = 6*y - 1. Let f(d) = -d + 11. Let p be f(10). Let z be i(p). Suppose 6*s = z*s + 2. List the prime factors of s.
2
Let s(c) = c**3 + 5*c**2 + 1. Let d be s(-5). List the prime factors of d/((-705)/355 + 2).
71
Let l(j) be the third derivative of j**5/60 + j**4/4 - 3*j**3/2 + 13*j**2. List the prime factors of l(3).
2, 3
Suppose 5*d - 581 = -u, -1701 = 11*u - 14*u - d. List the prime factors of u.
2, 283
Let h be (-2)/((5/(-95))/1). Suppose -2*x = -10, 2*x - h = 4*n - 176. List the prime factors of n.
37
Suppose 0*z + z + 2836 = 3*i, 3794 = 4*i + 5*z. List the prime factors of i.
2, 11, 43
Let t(d) = d**2 + 16*d + 46. List the prime factors of t(-22).
2, 89
Suppose -2*j = -2*m + 12, m - 5*m - 5*j - 12 = 0. Suppose 3*t = -4*r + 139, -m*r = -5*t - 22 - 15. What are the prime factors of r?
31
Let w = 115 + -59. Suppose -4*o - w = -8*o. What are the prime factors of o?
2, 7
Let c(d) = 2*d**2 + 3*d - 28. Let s be c(-12). Suppose s = 20*n - 13*n. List the prime factors of n.
2
Suppose 6*q = 3*q + 12. Suppose -4*b - 108 = -2*s, 4*b = q*s + 3*b - 195. What are the prime factors of s?
2, 3
Suppose -12 = 21*q - 15*q. What are the prime factors of ((-3)/q)/(45/1230)?
41
Suppose 0 = 3*v + 2*a + 10, 6*a - 14 = 3*v + 4*a. Let j(z) = -z**3 + 4*z**2 + 10*z + 9. What are the prime factors of j(v)?
97
Suppose 7*q = -5*x + 2*q + 10740, -8598 = -4*x - 2*q. What are the prime factors of x?
3, 239
Let z(b) = -10*b + 1. Let r be (-1 + -2)*(-14 + 13). Suppose 0 = l - 3, 3*m = 5*m - r*l + 13. What are the prime factors of z(m)?
3, 7
Let n = -232 - -345. Let r = n + -66. Suppose -4*b = -127 + r. List the prime factors of b.
2, 5
Let d(u) = -154*u**2 + 7*u - 2. Let m(h) = 155*h**2 - 6*h + 2. Let t(b) = 6*d(b) + 7*m(b). What are the prime factors of t(1)?
163
Let w be 2/(-8) + (-1)/(24/(-27774)). List the prime factors of (w/26)/(1/2).
89
Suppose 33 - 11 = -2*n. Let w = n + 16. Suppose 3*a - 5*q = 48, 2*a = 6*a + w*q - 64. What are the prime factors of a?
2
Let o(u) = -u**3 + 7*u**2 - 6*u. Let p = 4 + -6. Let w(v) = 3*v**3 - 22*v**2 + 19*v - 1. Let j(s) = p*w(s) - 7*o(s). What are the prime factors of j(4)?
2
Let m = 2003 - 412. What are the prime factors of m?
37, 43
Suppose 2*t = h + 2*h - 50, 0 = -h - 2*t + 22. Suppose -54 = -2*a + 4*c + h, -4*c = 4*a - 132. List the prime factors of a.
2, 17
Let q(h) = -2*h - 30. Let v be q(-22). Suppose 18*o - 232 = v*o. What are the prime factors of o?
2, 29
Let h(d) = -d**2 - 7*d - 2. Let z be h(-6). Suppose 0 = -2*c + z*c - g - 51, 3*g = -c + 43. What are the prime factors of c?
2, 7
Let f(d) = -2*d + 18. Let g be f(12). Let v be g - (3 - 6) - -31. Suppose 0 = -u + 4*p + v, -2*p - 9 = p. List the prime factors of u.
2
Let z = -112 + 120. Suppose -z*a + 983 = -1505. What are the prime factors of a?
311
Suppose 4 = -5*s + 14. Suppose 0 = -p - s*p + 126. What are the prime factors of p?
2, 3, 7
Let o be ((-1)/4)/((-3)/24). Suppose k + 6 = 4*t + o*k, -t = k. What are the prime factors of t*(-52)/(-8)*1?
13
Let f(o) be the third derivative of 0 - 3*o**2 + 1/3*o**3 + 1/60*o**5 - 1/3*o**4 + 0*o. List the prime factors of f(9).
11
Let k(a) = 3*a**2 + 40*a - 1. Suppose 6*r - 3*r = -51. List the prime factors of k(r).
2, 3, 31
What are the prime factors of (-5)/(220/33) + 6798/8?
3, 283
Let x(u) = u - 17. Let w be x(19). Suppose 54 = 2*i - w*a, 2*a = -2*i - a + 29. What are the prime factors of i?
2, 11
List the prime factors of (-4)/(-1) + 17/((-119)/(-3171)).
457
Let d = 89 + -111. Let g(j) = -5*j + 43. List the prime factors of g(d).
3, 17
Let s be 805/(-7)*(-9)/5. Let a = 511 - s. List the prime factors of a.
2, 19
Let s be 7*1/(-2)*-190. Suppose 0 = 3*w + 152 - s. List the prime factors of w.
3, 19
Suppose 5331 + 2501 = 22*d. List the prime factors of d.
2, 89
Let j be (0 - -2) + 23 + -5. Suppose j = -2*z + 218. List the prime factors of z.
3, 11
Suppose 5*m - 1440 = 4*y, y = -3*m - y + 864. What are the prime factors of m?
2, 3
Let k(a) = -a**3 + 6*a**2 + 3*a + 9. Let h be k(6). Suppose h = p + 9. What are the prime factors of p?
2, 3
Suppose 15 - 121 = -2*a. Suppose 15*f - 5*f = -240. Let w = f + a. List the prime factors of w.
29
Let x(o) = -o**2 - 6*o + 3. Let y = -18 + 12. Let c be x(y). What are the prime factors of 1*c*(-60)/(-5)?
2, 3
Suppose -4*i + 29 = 3*j - 3, -20 = -2*j - 2*i. Suppose -2*f = j, -f = a - 191 + 70. What are the prime factors of a?
5
Let i = -497 - -844. List the prime factors of i.
347
Let a(m) = -m + 14. Suppose 3*v = v + 6. Let f be (-3)/((v/6)/1). List the prime factors of a(f).
2, 5
List the prime factors of 142 + -1*(2 - (4 - 1)).
11, 13
Suppose 0 = 3*k - 7*k - g - 171, 0 = 5*k + 3*g + 205. Let y = k - -125. List the prime factors of y.
3
Let p(x) be the first derivative of -x**3/3 - 9*x**2/2 - 6*x + 31. Let c be (6/9)/(1/(-12)). List the prime factors of p(c).
2
Let b(y) = 7*y**2 - 40*y + 79. List the prime factors of b(17).
2, 3, 79
Let z be 15*16/360 - (-2)/(-3). Suppose j + 0*u = -2*u - 6, -4*u = -5*j + 40. Suppose -4*r - s + 27 = -z*s, -2*s = -j*r + 42. What are the prime factors of r?
2
Let w be -1 - -2 - (1 - -5)/6. Suppose 0 = h - 5*b - w*b - 58, -5*b = -2*h + 111. List the prime factors of h.
53
List the prime factors of -6 + (-47062)/(-10) + (-60)/(-75).
3, 1567
Suppose 5*z = 7 - 112. Let r be ((-112)/z)/((-1)/3). Let f = -13 - r. What are the prime factors of f?
3
Suppose 3843 = 5*d - u, 0*u - u + 2 = 0. List the prime factors of d.
769
Let d = -6 + -7. Let x = d - -221. Suppose 0*o + i - x = -5*o, 2*i + 199 = 5*o. List the prime factors of o.
41
Suppose -4*o = 3*c - 161 - 131, o - 498 = -5*c. Suppose -c - 41 = -3*k. What are the prime factors of k?
47
Suppose 0 = 66*g - 47*g - 70699. List the prime factors of g.
61
Let t(v) = 2*v**2 - 6*v + 14. List the prime factors of t(14).
2, 7, 23
Let o be 5/(5/4)*4. Suppose v = -0*v. Suppose -4*s + 0 + o = v, 0 = -q - 4*s + 21. What are the prime factors of q?
5
Suppose 0 = -2*v + 11 - 5. Suppose -v*r - 2*x + 31 = 0, -4*r - 3*x = -5*r + 25. List the prime factors of r.
13
Let w = 34 - 35. List the prime factors of (1 - -5*14) + 0/w.
71
Let p(y) = 2*y**2 - 6*y + 14. Let n be p(10). Suppose 4*v + 134 = n. List the prime factors of v.
5
Let x = -4 + 7. Let s be 5/15 + 119/x. Suppose 3*j = -j + s. What are the prime factors of j?
2, 5
List the prime factors of (-2)/(-8) + (16035/20 - -6).
2, 101
Suppose 0 = 2*y - 7*n + 2*n - 690, -y + 360 = 5*n. List the prime factors of y.
2, 5, 7
Let o = -39 - -38. Suppose 4*y + 8 = x + 3*y, 4*x - 27 = 3*y. List the prime factors of 1/(o/(-39)*x).
13
Let f(h) = -3*h + 6. Let v be f(-6). Suppose 4*w - 11 = p, 5*w - 19*p - 16 = -20*p. Suppose 3*z - w = 0, -v = -5*c - 7*z + 3*z. What are the prime factors of c?
2
Let q(w) = 52*w + 6. Let r be q(-5). List the prime factors of r/(-4) + (-1)/2.
3, 7
Suppose -8*u + 4804 = 220. List the prime factors of u.
3, 191
Suppose -26*o = -13*o - 104. Suppose -8 = -5*u + 4*i, -3*u + 2 = 2*u - i. Let a = u + o. What are the prime factors of a?
2
Let m = 436 + 1418. List the prime factors of m.
2, 3, 103
Let g = 1 + -4. Let q = g + 5. Let a(w) = 17*w - 1. List the prime factors of a(q).
3, 11
Let k(n) be the second derivative of n**3/6 + 4*n**2 + n. Let q be 4/18 + (1120/(-18))/(-8). List the prime factors of k(q).
2
Let r(h) = h**3 + h**2 + h + 5. Let l be r(0). Let d = 12 - l. Suppose -71 = -d*o + 6. List the prime factors of o.
11
Suppose 0 = -12*c + 374 + 502. List the prime factors of c.
73
List the prime factors of (-2581)/(-9) + ((-7)/9 - -1).
7, 41
Let o be 24/(0 - 2)*(-36)/16. List the prime factors of 54/4*(-9)/(o/(-26)).
3, 13
List the prime factors of (0 - 1) + (-14028)/(-14) + 6.
19, 53
Let n be (-1 - -2)*-5*-168. Suppose -d + 6*d = -4*q + n, -4 = -d. List the prime factors of q.
5, 41
Suppose 4*u - 12 = 2*u. Let p be ((-44)/u)/(8/(-12)). Suppose 4*z + 3*g = 38, 0 = z + 4*g - 5 - p. What are the prime factors of z?
2
What are the prime factors of 3*((-20284)/(-99))/((-2)/(-3))?
2, 461
What are the prime factors of 568 - (-5 + 13 + -2)?
2, 281
Let i be -1*(-5 + 2)*(-214)/(-3). Suppose -i = -3*s + 140. List the prime factors of s.
2, 59
Suppose -9*f = -5*f - 5*j - 108, -3*f = 4*j - 81. What are the pr